{"id":32,"date":"2016-10-15T19:52:03","date_gmt":"2016-10-15T17:52:03","guid":{"rendered":"http:\/\/promlek.pl\/?page_id=32"},"modified":"2022-08-24T07:45:31","modified_gmt":"2022-08-24T05:45:31","slug":"szkola","status":"publish","type":"page","link":"https:\/\/promlek.pl\/?page_id=32","title":{"rendered":"Szko\u0142a"},"content":{"rendered":"<p><strong>PROGRAM DLA SZK\u00d3\u0141\u00a0<\/strong><\/p>\n<p>Firma F.H.U. PROMLEK\u00a0 od 2008 roku bierze udzia\u0142 w rz\u0105dowo- unijnych programach najpierw\u00a0 ,,Szklanka Mleka &#8221;,,Owoce i Warzywa w Szkole&#8221; obecna nazwa to ,,Program dla szk\u00f3\u0142 &#8221; promuje on zdrowe nawyki \u017cywieniowe w\u015br\u00f3d uczni\u00f3w . Dzieciom z klas I-V udost\u0119pniane s\u0105 3 lub 4 razy w tygodniu\u00a0 produkty mleczne kefir, serek, jogurt oraz mleko.\u00a0<\/p>\n<p>\u00a0<\/p>\n<p><img loading=\"lazy\" decoding=\"async\" class=\"wp-image-202 alignleft\" src=\"http:\/\/promlek.pl\/wp-content\/uploads\/2019\/05\/TBA_250_Sq_StreamCap200-2019-04-03-150103-e1554373352698-222x300.png\" alt=\"\" width=\"214\" height=\"289\" srcset=\"https:\/\/promlek.pl\/wp-content\/uploads\/2019\/05\/TBA_250_Sq_StreamCap200-2019-04-03-150103-e1554373352698-222x300.png 222w, https:\/\/promlek.pl\/wp-content\/uploads\/2019\/05\/TBA_250_Sq_StreamCap200-2019-04-03-150103-e1554373352698.png 756w\" sizes=\"auto, (max-width: 214px) 100vw, 214px\" \/><img loading=\"lazy\" decoding=\"async\" class=\"wp-image-206 alignnone\" src=\"http:\/\/promlek.pl\/wp-content\/uploads\/2019\/05\/kefir-szkolny-117x300.png\" alt=\"\" width=\"100\" height=\"257\" srcset=\"https:\/\/promlek.pl\/wp-content\/uploads\/2019\/05\/kefir-szkolny-117x300.png 117w, https:\/\/promlek.pl\/wp-content\/uploads\/2019\/05\/kefir-szkolny-400x1024.png 400w, https:\/\/promlek.pl\/wp-content\/uploads\/2019\/05\/kefir-szkolny.png 607w\" sizes=\"auto, (max-width: 100px) 100vw, 100px\" \/><img loading=\"lazy\" decoding=\"async\" class=\"wp-image-196 alignnone\" src=\"http:\/\/promlek.pl\/wp-content\/uploads\/2019\/05\/vis2_250ml-288x300.jpg\" alt=\"\" width=\"243\" height=\"253\" srcset=\"https:\/\/promlek.pl\/wp-content\/uploads\/2019\/05\/vis2_250ml-288x300.jpg 288w, https:\/\/promlek.pl\/wp-content\/uploads\/2019\/05\/vis2_250ml-768x800.jpg 768w, https:\/\/promlek.pl\/wp-content\/uploads\/2019\/05\/vis2_250ml-983x1024.jpg 983w, https:\/\/promlek.pl\/wp-content\/uploads\/2019\/05\/vis2_250ml.jpg 1323w\" sizes=\"auto, (max-width: 243px) 100vw, 243px\" \/><\/p>\n<p>\u00a0<\/p>\n<p>Jako dostawcy w tym okresie nawi\u0105zali\u015bmy wsp\u00f3\u0142prac\u0119 z mleczarniami, sadownikami , oraz rolnikami z ca\u0142ego kraju\u00a0 .\u00a0<\/p>\n<p><img loading=\"lazy\" decoding=\"async\" class=\"alignnone  wp-image-208\" src=\"http:\/\/promlek.pl\/wp-content\/uploads\/2019\/05\/serek-naturalny-300x272.png\" alt=\"\" width=\"223\" height=\"202\" srcset=\"https:\/\/promlek.pl\/wp-content\/uploads\/2019\/05\/serek-naturalny-300x272.png 300w, https:\/\/promlek.pl\/wp-content\/uploads\/2019\/05\/serek-naturalny-768x697.png 768w, https:\/\/promlek.pl\/wp-content\/uploads\/2019\/05\/serek-naturalny-1024x930.png 1024w, https:\/\/promlek.pl\/wp-content\/uploads\/2019\/05\/serek-naturalny.png 1500w\" sizes=\"auto, (max-width: 223px) 100vw, 223px\" \/><img loading=\"lazy\" decoding=\"async\" class=\"wp-image-194 alignnone\" src=\"http:\/\/promlek.pl\/wp-content\/uploads\/2019\/05\/Rolmlecz-naturalny-150g-HUGART-render-300x234.jpg\" alt=\"\" width=\"234\" height=\"182\" srcset=\"https:\/\/promlek.pl\/wp-content\/uploads\/2019\/05\/Rolmlecz-naturalny-150g-HUGART-render-300x234.jpg 300w, https:\/\/promlek.pl\/wp-content\/uploads\/2019\/05\/Rolmlecz-naturalny-150g-HUGART-render-768x598.jpg 768w, https:\/\/promlek.pl\/wp-content\/uploads\/2019\/05\/Rolmlecz-naturalny-150g-HUGART-render-1024x797.jpg 1024w, https:\/\/promlek.pl\/wp-content\/uploads\/2019\/05\/Rolmlecz-naturalny-150g-HUGART-render.jpg 1772w\" sizes=\"auto, (max-width: 234px) 100vw, 234px\" \/><img loading=\"lazy\" decoding=\"async\" class=\"wp-image-206 alignnone\" src=\"http:\/\/promlek.pl\/wp-content\/uploads\/2019\/05\/kefir-szkolny-117x300.png\" alt=\"\" width=\"87\" height=\"223\" srcset=\"https:\/\/promlek.pl\/wp-content\/uploads\/2019\/05\/kefir-szkolny-117x300.png 117w, https:\/\/promlek.pl\/wp-content\/uploads\/2019\/05\/kefir-szkolny-400x1024.png 400w, https:\/\/promlek.pl\/wp-content\/uploads\/2019\/05\/kefir-szkolny.png 607w\" sizes=\"auto, (max-width: 87px) 100vw, 87px\" \/><\/p>\n<p><img loading=\"lazy\" decoding=\"async\" class=\"alignnone  wp-image-207\" src=\"http:\/\/promlek.pl\/wp-content\/uploads\/2019\/05\/jogurt-naturalny-219x300.png\" alt=\"\" width=\"134\" height=\"183\" srcset=\"https:\/\/promlek.pl\/wp-content\/uploads\/2019\/05\/jogurt-naturalny-219x300.png 219w, https:\/\/promlek.pl\/wp-content\/uploads\/2019\/05\/jogurt-naturalny-768x1051.png 768w, https:\/\/promlek.pl\/wp-content\/uploads\/2019\/05\/jogurt-naturalny-748x1024.png 748w, https:\/\/promlek.pl\/wp-content\/uploads\/2019\/05\/jogurt-naturalny.png 1860w\" sizes=\"auto, (max-width: 134px) 100vw, 134px\" \/><img loading=\"lazy\" decoding=\"async\" class=\"wp-image-192 alignnone\" src=\"http:\/\/promlek.pl\/wp-content\/uploads\/2019\/05\/jogurt_augustowski_naturalny_150-300x300.jpg\" alt=\"\" width=\"218\" height=\"218\" srcset=\"https:\/\/promlek.pl\/wp-content\/uploads\/2019\/05\/jogurt_augustowski_naturalny_150-300x300.jpg 300w, https:\/\/promlek.pl\/wp-content\/uploads\/2019\/05\/jogurt_augustowski_naturalny_150-150x150.jpg 150w, https:\/\/promlek.pl\/wp-content\/uploads\/2019\/05\/jogurt_augustowski_naturalny_150-768x768.jpg 768w, https:\/\/promlek.pl\/wp-content\/uploads\/2019\/05\/jogurt_augustowski_naturalny_150-1024x1024.jpg 1024w, https:\/\/promlek.pl\/wp-content\/uploads\/2019\/05\/jogurt_augustowski_naturalny_150.jpg 1772w\" sizes=\"auto, (max-width: 218px) 100vw, 218px\" \/><img loading=\"lazy\" decoding=\"async\" class=\"wp-image-193 alignnone\" src=\"http:\/\/promlek.pl\/wp-content\/uploads\/2019\/05\/kefir_solmlek_150-300x300.jpg\" alt=\"\" width=\"225\" height=\"225\" srcset=\"https:\/\/promlek.pl\/wp-content\/uploads\/2019\/05\/kefir_solmlek_150-300x300.jpg 300w, https:\/\/promlek.pl\/wp-content\/uploads\/2019\/05\/kefir_solmlek_150-150x150.jpg 150w, https:\/\/promlek.pl\/wp-content\/uploads\/2019\/05\/kefir_solmlek_150-768x768.jpg 768w, https:\/\/promlek.pl\/wp-content\/uploads\/2019\/05\/kefir_solmlek_150-1024x1024.jpg 1024w, https:\/\/promlek.pl\/wp-content\/uploads\/2019\/05\/kefir_solmlek_150.jpg 1772w\" sizes=\"auto, (max-width: 225px) 100vw, 225px\" \/><\/p>\n<p>\u00a0<\/p>\n<p><strong>PRODUKT OWOCOWO &#8211; WARZYWNE<\/strong>\u00a0<\/p>\n<p>Od 2010 roku zajmujemy si\u0119 samodzielnie przygotowaniem porcji owocowo &#8211; warzywnych\u00a0 w naszej przetw\u00f3rni co ma du\u017cy wp\u0142yw na jako\u015b\u0107 dostarczonych produkt\u00f3w w opakowaniach jednostkowych. Firma dysponuje du\u017c\u0105 flot\u0105 pojazd\u00f3w dostawczych oraz ci\u0119\u017carowych co pozwala na dostarczanie produkt\u00f3w 3 &#8211; 4 razy w tygodniu\u00a0 \u00a0<\/p>\n<p>\u00a0<\/p>\n<p>Obszar realizacji programu przez nasz\u0105 firm\u0119 \u00a0w roku szkolnym 2022\/23<\/p>\n<p>&#8211; Rzesz\u00f3w i okolice<\/p>\n<p>&#8211; \u0141a\u0144cut , Przeworsk ,Jaros\u0142aw<\/p>\n<p>&#8211; Lubacz\u00f3w ,Oleszyce ,Cieszan\u00f3w<\/p>\n<p>&#8211; Le\u017cajsk Giedlarowa ,Kury\u0142\u00f3wka<\/p>\n<p>&#8211; Nowa Sarzyna ,Rudnik Nad Sanem<\/p>\n<p>&#8211; Soko\u0142\u00f3w Ma\u0142opolski ,Kamie\u0144 ,Stobierna<\/p>\n<p>&#8211; Kolbuszowa ,Nowa D\u0119ba ,<\/p>\n<p>&#8211; Mielec, Trze\u015b\u0144, Rz\u0119dzianowice<\/p>\n<p>&#8211;\u00a0 Wadowice Dolne ,Podborze<\/p>\n<p>&#8211; Pilzno,Grabiny, \u017byrak\u00f3w\u00a0<\/p>\n<p>W bie\u00ad\u017c\u0105\u00adcym roku szkol\u00adnym zaufa\u0142o nam ponad 170 pla\u00adc\u00f3\u00adwek o\u015bwiatowych<\/p>\n<p>Zapraszamy inne szko\u0142y \u00a0do wsp\u00f3\u0142pracy<\/p>\n\n\n<p><\/p>\n\n\n\n<figure class=\"wp-block-gallery has-nested-images columns-default is-cropped wp-block-gallery-1 is-layout-flex wp-block-gallery-is-layout-flex\"><\/figure>\n","protected":false},"excerpt":{"rendered":"<p>PROGRAM DLA SZK\u00d3\u0141\u00a0 Firma F.H.U. PROMLEK\u00a0 od 2008 roku bierze udzia\u0142 w rz\u0105dowo- unijnych programach najpierw\u00a0 ,,Szklanka Mleka &#8221;,,Owoce i Warzywa w Szkole&#8221; obecna nazwa to ,,Program dla szk\u00f3\u0142 &#8221; promuje on zdrowe nawyki \u017cywieniowe w\u015br\u00f3d uczni\u00f3w . Dzieciom z<\/p>\n","protected":false},"author":1,"featured_media":0,"parent":0,"menu_order":0,"comment_status":"closed","ping_status":"closed","template":"","meta":{"footnotes":""},"class_list":["post-32","page","type-page","status-publish","hentry"],"_links":{"self":[{"href":"https:\/\/promlek.pl\/index.php?rest_route=\/wp\/v2\/pages\/32","targetHints":{"allow":["GET"]}}],"collection":[{"href":"https:\/\/promlek.pl\/index.php?rest_route=\/wp\/v2\/pages"}],"about":[{"href":"https:\/\/promlek.pl\/index.php?rest_route=\/wp\/v2\/types\/page"}],"author":[{"embeddable":true,"href":"https:\/\/promlek.pl\/index.php?rest_route=\/wp\/v2\/users\/1"}],"replies":[{"embeddable":true,"href":"https:\/\/promlek.pl\/index.php?rest_route=%2Fwp%2Fv2%2Fcomments&post=32"}],"version-history":[{"count":0,"href":"https:\/\/promlek.pl\/index.php?rest_route=\/wp\/v2\/pages\/32\/revisions"}],"wp:attachment":[{"href":"https:\/\/promlek.pl\/index.php?rest_route=%2Fwp%2Fv2%2Fmedia&parent=32"}],"curies":[{"name":"wp","href":"https:\/\/api.w.org\/{rel}","templated":true}]}}

Szkoła

<p><strong>PROGRAM DLA SZKÓŁ </strong></p>
<p>Firma F.H.U. PROMLEK  od 2008 roku bierze udział w rządowo- unijnych programach najpierw  ,,Szklanka Mleka &#8221;,,Owoce i Warzywa w Szkole&#8221; obecna nazwa to ,,Program dla szkół &#8221; promuje on zdrowe nawyki żywieniowe wśród uczniów . Dzieciom z klas I-V udostępniane są 3 lub 4 razy w tygodniu  produkty mleczne kefir, serek, jogurt oraz mleko. </p>
<p> </p>
<p><img loading="lazy" decoding="async" class="wp-image-202 alignleft" src="http://promlek.pl/wp-content/uploads/2019/05/TBA_250_Sq_StreamCap200-2019-04-03-150103-e1554373352698-222x300.png" alt="" width="214" height="289" srcset="https://promlek.pl/wp-content/uploads/2019/05/TBA_250_Sq_StreamCap200-2019-04-03-150103-e1554373352698-222x300.png 222w, https://promlek.pl/wp-content/uploads/2019/05/TBA_250_Sq_StreamCap200-2019-04-03-150103-e1554373352698.png 756w" sizes="auto, (max-width: 214px) 100vw, 214px" /><img loading="lazy" decoding="async" class="wp-image-206 alignnone" src="http://promlek.pl/wp-content/uploads/2019/05/kefir-szkolny-117x300.png" alt="" width="100" height="257" srcset="https://promlek.pl/wp-content/uploads/2019/05/kefir-szkolny-117x300.png 117w, https://promlek.pl/wp-content/uploads/2019/05/kefir-szkolny-400x1024.png 400w, https://promlek.pl/wp-content/uploads/2019/05/kefir-szkolny.png 607w" sizes="auto, (max-width: 100px) 100vw, 100px" /><img loading="lazy" decoding="async" class="wp-image-196 alignnone" src="http://promlek.pl/wp-content/uploads/2019/05/vis2_250ml-288x300.jpg" alt="" width="243" height="253" srcset="https://promlek.pl/wp-content/uploads/2019/05/vis2_250ml-288x300.jpg 288w, https://promlek.pl/wp-content/uploads/2019/05/vis2_250ml-768x800.jpg 768w, https://promlek.pl/wp-content/uploads/2019/05/vis2_250ml-983x1024.jpg 983w, https://promlek.pl/wp-content/uploads/2019/05/vis2_250ml.jpg 1323w" sizes="auto, (max-width: 243px) 100vw, 243px" /></p>
<p> </p>
<p>Jako dostawcy w tym okresie nawiązaliśmy współpracę z mleczarniami, sadownikami , oraz rolnikami z całego kraju  . </p>
<p><img loading="lazy" decoding="async" class="alignnone  wp-image-208" src="http://promlek.pl/wp-content/uploads/2019/05/serek-naturalny-300x272.png" alt="" width="223" height="202" srcset="https://promlek.pl/wp-content/uploads/2019/05/serek-naturalny-300x272.png 300w, https://promlek.pl/wp-content/uploads/2019/05/serek-naturalny-768x697.png 768w, https://promlek.pl/wp-content/uploads/2019/05/serek-naturalny-1024x930.png 1024w, https://promlek.pl/wp-content/uploads/2019/05/serek-naturalny.png 1500w" sizes="auto, (max-width: 223px) 100vw, 223px" /><img loading="lazy" decoding="async" class="wp-image-194 alignnone" src="http://promlek.pl/wp-content/uploads/2019/05/Rolmlecz-naturalny-150g-HUGART-render-300x234.jpg" alt="" width="234" height="182" srcset="https://promlek.pl/wp-content/uploads/2019/05/Rolmlecz-naturalny-150g-HUGART-render-300x234.jpg 300w, https://promlek.pl/wp-content/uploads/2019/05/Rolmlecz-naturalny-150g-HUGART-render-768x598.jpg 768w, https://promlek.pl/wp-content/uploads/2019/05/Rolmlecz-naturalny-150g-HUGART-render-1024x797.jpg 1024w, https://promlek.pl/wp-content/uploads/2019/05/Rolmlecz-naturalny-150g-HUGART-render.jpg 1772w" sizes="auto, (max-width: 234px) 100vw, 234px" /><img loading="lazy" decoding="async" class="wp-image-206 alignnone" src="http://promlek.pl/wp-content/uploads/2019/05/kefir-szkolny-117x300.png" alt="" width="87" height="223" srcset="https://promlek.pl/wp-content/uploads/2019/05/kefir-szkolny-117x300.png 117w, https://promlek.pl/wp-content/uploads/2019/05/kefir-szkolny-400x1024.png 400w, https://promlek.pl/wp-content/uploads/2019/05/kefir-szkolny.png 607w" sizes="auto, (max-width: 87px) 100vw, 87px" /></p>
<p><img loading="lazy" decoding="async" class="alignnone  wp-image-207" src="http://promlek.pl/wp-content/uploads/2019/05/jogurt-naturalny-219x300.png" alt="" width="134" height="183" srcset="https://promlek.pl/wp-content/uploads/2019/05/jogurt-naturalny-219x300.png 219w, https://promlek.pl/wp-content/uploads/2019/05/jogurt-naturalny-768x1051.png 768w, https://promlek.pl/wp-content/uploads/2019/05/jogurt-naturalny-748x1024.png 748w, https://promlek.pl/wp-content/uploads/2019/05/jogurt-naturalny.png 1860w" sizes="auto, (max-width: 134px) 100vw, 134px" /><img loading="lazy" decoding="async" class="wp-image-192 alignnone" src="http://promlek.pl/wp-content/uploads/2019/05/jogurt_augustowski_naturalny_150-300x300.jpg" alt="" width="218" height="218" srcset="https://promlek.pl/wp-content/uploads/2019/05/jogurt_augustowski_naturalny_150-300x300.jpg 300w, https://promlek.pl/wp-content/uploads/2019/05/jogurt_augustowski_naturalny_150-150x150.jpg 150w, https://promlek.pl/wp-content/uploads/2019/05/jogurt_augustowski_naturalny_150-768x768.jpg 768w, https://promlek.pl/wp-content/uploads/2019/05/jogurt_augustowski_naturalny_150-1024x1024.jpg 1024w, https://promlek.pl/wp-content/uploads/2019/05/jogurt_augustowski_naturalny_150.jpg 1772w" sizes="auto, (max-width: 218px) 100vw, 218px" /><img loading="lazy" decoding="async" class="wp-image-193 alignnone" src="http://promlek.pl/wp-content/uploads/2019/05/kefir_solmlek_150-300x300.jpg" alt="" width="225" height="225" srcset="https://promlek.pl/wp-content/uploads/2019/05/kefir_solmlek_150-300x300.jpg 300w, https://promlek.pl/wp-content/uploads/2019/05/kefir_solmlek_150-150x150.jpg 150w, https://promlek.pl/wp-content/uploads/2019/05/kefir_solmlek_150-768x768.jpg 768w, https://promlek.pl/wp-content/uploads/2019/05/kefir_solmlek_150-1024x1024.jpg 1024w, https://promlek.pl/wp-content/uploads/2019/05/kefir_solmlek_150.jpg 1772w" sizes="auto, (max-width: 225px) 100vw, 225px" /></p>
<p> </p>
<p><strong>PRODUKT OWOCOWO &#8211; WARZYWNE</strong> </p>
<p>Od 2010 roku zajmujemy się samodzielnie przygotowaniem porcji owocowo &#8211; warzywnych  w naszej przetwórni co ma duży wpływ na jakość dostarczonych produktów w opakowaniach jednostkowych. Firma dysponuje dużą flotą pojazdów dostawczych oraz ciężarowych co pozwala na dostarczanie produktów 3 &#8211; 4 razy w tygodniu   </p>
<p> </p>
<p>Obszar realizacji programu przez naszą firmę  w roku szkolnym 2022/23</p>
<p>&#8211; Rzeszów i okolice</p>
<p>&#8211; Łańcut , Przeworsk ,Jarosław</p>
<p>&#8211; Lubaczów ,Oleszyce ,Cieszanów</p>
<p>&#8211; Leżajsk Giedlarowa ,Kuryłówka</p>
<p>&#8211; Nowa Sarzyna ,Rudnik Nad Sanem</p>
<p>&#8211; Sokołów Małopolski ,Kamień ,Stobierna</p>
<p>&#8211; Kolbuszowa ,Nowa Dęba ,</p>
<p>&#8211; Mielec, Trześń, Rzędzianowice</p>
<p>&#8211;  Wadowice Dolne ,Podborze</p>
<p>&#8211; Pilzno,Grabiny, Żyraków </p>
<p>W bie­żą­cym roku szkol­nym zaufało nam ponad 170 pla­có­wek oświatowych</p>
<p>Zapraszamy inne szkoły  do współpracy</p>


<p></p>



<figure class="wp-block-gallery has-nested-images columns-default is-cropped wp-block-gallery-1 is-layout-flex wp-block-gallery-is-layout-flex"></figure>

<p>PROGRAM DLA SZKÓŁ  Firma F.H.U. PROMLEK  od 2008 roku bierze udział w rządowo- unijnych programach najpierw  ,,Szklanka Mleka &#8221;,,Owoce i Warzywa w Szkole&#8221; obecna nazwa to ,,Program dla szkół &#8221; promuje on zdrowe nawyki żywieniowe wśród uczniów . Dzieciom z</p>
